usands digit of 257454341?
5
What is the thousands digit of 66565507?
5
What is the ten thousands digit of 17152473?
5
What is the tens digit of 527906455?
5
What is the units digit of 612047214?
4
What is the hundred millions digit of 243776460?
2
What is the ten millions digit of 830709986?
3
What is the units digit of 243671217?
7
What is the thousands digit of 1257080748?
0
What is the hundreds digit of 14031169?
1
What is the ten millions digit of 48371851?
4
What is the ten thousands digit of 316726486?
2
What is the thousands digit of 49417573?
7
What is the hundred thousands digit of 771304652?
3
What is the thousands digit of 4786653913?
3
What is the hundreds digit of 464089761?
7
What is the units digit of 2231264458?
8
What is the hundred thousands digit of 426803973?
8
What is the tens digit of 1909580616?
1
What is the tens digit of 84687239?
3
What is the hundreds digit of 202189520?
5
What is the units digit of 5980690470?
0
What is the units digit of 5234974977?
7
What is the hundreds digit of 204249377?
3
What is the ten millions digit of 3762188061?
6
What is the hundreds digit of 901291210?
2
What is the tens digit of 319962432?
3
What is the thousands digit of 41256656?
6
What is the hundred millions digit of 110970276?
1
What is the thousands digit of 1002722616?
2
What is the tens digit of 3280100447?
4
What is the units digit of 1434897449?
9
What is the units digit of 56583578?
8
What is the thousands digit of 737619853?
9
What is the hundreds digit of 918174268?
2
What is the thousands digit of 8308278468?
8
What is the hundred millions digit of 3994274989?
9
What is the hundred thousands digit of 461784239?
7
What is the hundreds digit of 958382161?
1
What is the units digit of 44802509?
9
What is the millions digit of 514399754?
4
What is the hundreds digit of 179842182?
1
What is the ten thousands digit of 141515519?
1
What is the billions digit of 1505582988?
1
What is the millions digit of 2858012039?
8
What is the hundred millions digit of 1524545221?
5
What is the ten thousands digit of 127052249?
5
What is the hundred millions digit of 179142707?
1
What is the tens digit of 44545246?
4
What is the billions digit of 3254408205?
3
What is the ten thousands digit of 1386529210?
2
What is the hundreds digit of 1035811024?
0
What is the thousands digit of 123968526?
8
What is the ten millions digit of 18570438?
1
What is the tens digit of 5015439207?
0
What is the hundred millions digit of 2405693638?
4
What is the thousands digit of 2832658104?
8
What is the ten millions digit of 189210475?
8
What is the hundred millions digit of 410556186?
4
What is the hundred thousands digit of 190004021?
0
What is the ten millions digit of 1040915426?
4
What is the ten millions digit of 169123615?
6
What is the hundreds digit of 602775760?
7
What is the thousands digit of 19691138?
1
What is the hundreds digit of 1202328960?
9
What is the hundreds digit of 71204041?
0
What is the ten thousands digit of 286440377?
4
What is the thousands digit of 84620901?
0
What is the hundreds digit of 3773848?
8
What is the hundreds digit of 48553473?
4
What is the units digit of 318729585?
5
What is the hundred thousands digit of 1171952132?
9
What is the hundred millions digit of 283970080?
2
What is the tens digit of 276292651?
5
What is the hundreds digit of 213325893?
8
What is the thousands digit of 585200040?
0
What is the units digit of 12213248?
8
What is the ten millions digit of 712249321?
1
What is the hundred thousands digit of 135569363?
5
What is the hundred millions digit of 232386369?
2
What is the tens digit of 964282891?
9
What is the hundreds digit of 2340873193?
1
What is the hundreds digit of 32849401?
4
What is the units digit of 453755062?
2
What is the ten millions digit of 51027432?
5
What is the ten thousands digit of 128924254?
2
What is the units digit of 313258564?
4
What is the units digit of 93394239?
9
What is the thousands digit of 5392381?
2
What is the tens digit of 64401606?
0
What is the ten thousands digit of 132290594?
9
What is the hundreds digit of 843721509?
5
What is the thousands digit of 1555438082?
8
What is the ten millions digit of 215565338?
1
What is the tens digit of 125059272?
7
What is the ten millions digit of 1150675276?
5
What is the ten millions digit of 641845088?
4
What is the millions digit of 299491830?
9
What is the hundred thousands digit of 378276?
3
What is the hundred thousands digit of 666483674?
4
What is the millions digit of 91737271?
1
What is the tens digit of 55628223?
2
What is the hundred thousands digit of 2380220718?
2
What is the hundred millions digit of 4608118885?
6
What is the ten thousands digit of 52410239?
1
What is the hundreds digit of 7634915149?
1
What is the millions digit of 518532390?
8
What is the tens digit of 5333137?
3
What is the thousands digit of 119471186?
1
What is the tens digit of 86704617?
1
What is the ten thousands digit of 431575317?
7
What is the hundred millions digit of 2764551077?
7
What is the hundred thousands digit of 9797835?
7
What is the tens digit of 5999490?
9
What is the hundred thousands digit of 58588000?
5
What is the hundreds digit of 996239361?
3
What is the ten thousands digit of 74157761?
5
What is the ten millions digit of 51040389?
5
What is the hundreds digit of 2358489949?
9
What is the hundred millions digit of 308430810?
3
What is the ten millions digit of 846017197?
4
What is the millions digit of 3631309559?
1
What is the tens digit of 1205772690?
9
What is the ten millions digit of 87504535?
8
What is the hundreds digit of 103921841?
8
What is the ten thousands digit of 271301883?
0
What is the hundred millions digit of 209878780?
2
What is the thousands digit of 2047652908?
2
What is the ten thousands digit of 96750514?
5
What is the ten millions digit of 105565806?
0
What is the millions digit of 251084576?
1
What is the hundred thousands digit of 339725476?
7
What is the units digit of 123991241?
1
What is the thousands digit of 447192384?
2
What is the ten thousands digit of 14095017?
9
What is the units digit of 5571295388?
8
What is the units digit of 107128425?
5
What is the ten thousands digit of 5136535021?
3
What is the tens digit of 7007200044?
4
What is the tens digit of 32410267?
6
What is the hundreds digit of 194406265?
2
What is the thousands digit of 2333230778?
0
What is the thousands digit of 53881205?
1
What is the tens digit of 890780638?
3
What is the tens digit of 4149000982?
8
What is the millions digit of 312497818?
2
What is the thousands digit of 867389020?
9
What is the ten thousands digit of 46614038?
1
What is the millions digit of 1612188836?
2
What is the hundreds digit of 192720096?
0
What is the millions digit of 1395632481?
5
What is the hundred thousands digit of 2651176195?
1
What is the hundred thousands digit of 38440068?
4
What is the hundred thousands digit of 2020929064?
9
What is the tens digit of 44560271?
7
What is the units digit of 922270833?
3
What is the units digit of 44031323?
3
What is the units digit of 261997565?
5
What is the billions digit of 6281690142?
6
What is the ten thousands digit of 1347973?
4
What is the hundreds digit of 15841815?
8
What is the units digit of 1841836445?
5
What is the tens digit of 45365594?
9
What is the ten thousands digit of 312597092?
9
What is the hundred millions digit of 321988153?
3
What is the ten thousands digit of 6116580986?
8
What is the hundred thousands digit of 255354004?
3
What is the units digit of 1876246610?
0
What is the ten thousands digit of 1698609938?
0
What is the millions digit of 128904096?
8
What is the hundred thousands digit of 2317668940?
6
What is the hundred thousands digit of 29848095?
8
What is the tens digit of 1183851384?
8
What is the thousands digit of 2609384329?
4
What is the millions digit of 28768497?
8
What is the hundreds digit of 80551068?
0
What is the ten millions digit of 56800707?
5
What is the hundreds digit of 3803243541?
5
What is the units digit of 123420379?
9
What is the hundreds digit of 1130124716?
7
What is the thousands digit of 812125330?
5
What is the ten thousands digit of 2059673498?
7
What is the millions digit of 67665701?
7
What is the thousands digit of